i**3 - 2*i**2 - 7*i + 9. Determine n(3).
51
Let q(t) = -t**2 + 2*t + 2. Determine q(4).
-6
Let s(m) = -m + 39. What is s(22)?
17
Let l(p) = -2*p - 5. What is l(3)?
-11
Let i(v) = -6*v + 3. Calculate i(-2).
15
Let f(g) = -g**3 + 39*g**2 - 2*g + 64. Calculate f(39).
-14
Let b(x) = -11*x - 140. Calculate b(-13).
3
Let k(p) = p**3 + 4*p**2 - 2*p - 2. Give k(-3).
13
Let h(o) = 14*o - 16. Determine h(2).
12
Let p(t) = 5*t**2 - 23. Calculate p(-6).
157
Let c(z) = z**2 - z - 2. What is c(-6)?
40
Let d(z) = 2*z + 5. What is d(4)?
13
Let k(v) = -2*v**2 - 18*v - 24. Calculate k(-8).
-8
Let t(g) = g**2 - 6*g - 5. What is t(9)?
22
Let t(k) = k + 6. Give t(-14).
-8
Let f(m) = 3*m + 8. Determine f(-6).
-10
Let x(j) = -32*j - 92. Determine x(-3).
4
Let n(g) = 3*g**2 + 23*g - 9. Determine n(-8).
-1
Let u(h) = 2*h**3 - h**2 - 2*h - 4. Determine u(3).
35
Let x(m) = -52*m + 525. What is x(10)?
5
Let u(n) = -2*n**2 - 36*n - 71. What is u(-2)?
-7
Let o(h) = 8*h - 78. Calculate o(9).
-6
Let f(o) = -2*o**3 - 2*o**2 + 2*o + 2. Determine f(-2).
6
Let b(c) = c**3 - 2*c**2 - 2*c + 1. What is b(2)?
-3
Let o(p) = p - 2. Determine o(-5).
-7
Let o(a) = -5*a - 3. Calculate o(-4).
17
Let d(w) = -w - 9. Calculate d(11).
-20
Let o(t) = -t**3 - 7*t**2 - 4*t + 13. Give o(-6).
1
Let y(g) = 5*g - 146. Calculate y(29).
-1
Let q(f) = f**3 - 10*f**2 + 21*f - 6. Give q(7).
-6
Let t(l) = 4*l**2 + 43*l - 11. Determine t(-11).
0
Let r(k) = k**3 - 15*k**2 + 12*k + 21. Give r(14).
-7
Let g(z) = z - 2. Give g(7).
5
Let q(s) = s**2 + s - 5. Calculate q(-5).
15
Let x(f) = -2*f**3 + 6*f**2 - 8*f + 27. Determine x(4).
-37
Let b(a) = -a**2 - 6*a - 9. Give b(-5).
-4
Let m(w) = 62*w + 1916. Determine m(-31).
-6
Let y(g) = g**3 + 5*g**2 - 2*g - 6. Calculate y(-5).
4
Let a(t) = t**2 + 8*t - 87. Calculate a(9).
66
Let k(f) = -f**2 - 12*f - 11. Give k(-10).
9
Let q(o) = -o**3 - 6*o**2 + 14*o + 90. What is q(-5)?
-5
Let t(s) = -38*s + 165. Determine t(4).
13
Let m(h) = -h**2 - 10*h - 8. What is m(-10)?
-8
Let o(m) = -m**2 + 3*m - 1. Determine o(-4).
-29
Let o(a) = a - 1. Calculate o(14).
13
Let m(c) = -c**2 + 3*c - 1. Calculate m(7).
-29
Let b(s) = 2*s - 19. Give b(10).
1
Let d(i) = i**3 - 13*i**2 - 31*i + 11. What is d(15)?
-4
Let f(g) = -g**2 + 4*g - 2. Determine f(5).
-7
Let p(n) = 2*n**3 + 22*n**2 - 3*n. Give p(-11).
33
Let a(v) = v**2 + 6*v + 4. Give a(-3).
-5
Let c(w) = w**2 - 15*w + 51. What is c(12)?
15
Let z(x) = x - 38. Give z(-14).
-52
Let q(x) = 5*x + 16. Calculate q(-4).
-4
Let z(j) = j**2 + j + 4. Determine z(5).
34
Let r(m) = -m**3 + 9*m**2 - 8*m - 9. Determine r(8).
-9
Let b(m) = m**2 + 17*m + 37. Give b(-15).
7
Let d(u) = -u + 18. Give d(11).
7
Let m(u) = -14*u + 385. Give m(31).
-49
Let w(c) = 2*c**2 + c + 3. What is w(4)?
39
Let h(g) = -g**3 - 9*g**2 - 26*g - 132. What is h(-8)?
12
Let c(b) = -13*b - 89. Determine c(-6).
-11
Let g(d) = 4*d**3 - d**2 - d + 2. Determine g(2).
28
Let d(k) = k**3 + 10*k**2 - 10*k + 13. Determine d(-11).
2
Let g(h) = -h**3 + 5*h**2 + 7*h + 4. Give g(6).
10
Let k(q) = 3*q**2 + q - 6. Give k(4).
46
Let h(b) = b**2 + 3*b - 23. Determine h(-9).
31
Let l(i) = i + 5. What is l(-6)?
-1
Let w(i) = 4*i - 51. Calculate w(11).
-7
Let o(a) = 4*a - 32. Give o(6).
-8
Let b(o) = -o**3 - 5*o**2 - 4*o - 1. Give b(-3).
-7
Let k(u) = u**2 + u. Determine k(-3).
6
Let w(h) = -h**3 + 3*h**2 + 21*h - 76. Calculate w(5).
-21
Let a(k) = -k**3 - 4*k**2 + 2*k + 7. Calculate a(-5).
22
Let h(z) = -5*z + 4. Give h(-3).
19
Let n(g) = -g**3 + 10*g**2 - 15*g + 15. What is n(9)?
-39
Let v(l) = -17*l + 14. What is v(4)?
-54
Let b(t) = 6*t**2 - 3*t + 2. Calculate b(2).
20
Let t(m) = -27*m**2 - 12*m + 5. Determine t(1).
-34
Let q(p) = p**2 - 49*p + 448. Calculate q(12).
4
Let f(c) = -5*c**2 + 14*c + 1. Calculate f(7).
-146
Let j(b) = 2*b**2 - 31*b + 37. Determine j(15).
22
Let d(s) = 4*s**2 - 9*s + 7. What is d(4)?
35
Let y(k) = -2*k**2 + 4*k + 4. What is y(5)?
-26
Let b(o) = 2*o**3 - 22*o**2 + 22*o - 13. What is b(10)?
7
Let l(t) = t**3 - 43*t**2 - 92*t + 93. Calculate l(45).
3
Let g(m) = -5*m**2 + 7*m + 2. Calculate g(4).
-50
Let d(l) = -2*l**2 + 67*l + 93. What is d(35)?
-12
Let d(n) = 11*n**2. Determine d(2).
44
Let j(x) = 3*x - 7. Give j(-2).
-13
Let z(b) = b**3 - 12*b**2 - 11*b - 26. What is z(13)?
0
Let l(k) = -k**3 - 9*k**2 - 17*k + 21. Give l(-5).
6
Let m(d) = d**2 + 47*d + 30. Give m(-46).
-16
Let s(b) = -b**3 + 6*b**2 - 7*b + 2. What is s(5)?
-8
Let c(a) = -2*a**3 + 32*a**2 - 6*a + 38. Determine c(16).
-58
Let s(q) = 8*q**2 - 3*q - 2. Calculate s(-2).
36
Let d(g) = g**2 + 7*g + 38. What is d(-7)?
38
Let m(c) = -2*c**2 + 146*c - 275. Calculate m(71).
9
Let l(g) = 18*g - 44. Calculate l(2).
-8
Let z(a) = a**3 + 32*a**2 + 158*a + 14. What is z(-6)?
2
Let k(z) = -z + 25. Determine k(-10).
35
Let i(b) = b**3 + 17*b**2 - 21*b - 51. Determine i(-18).
3
Let j(i) = i**3 - 7*i**2 - 43*i - 20. Calculate j(11).
-9
Let q(g) = 23*g - 1. Calculate q(1).
22
Let b(q) = -2*q**3 + 12*q**2 - 29*q + 49. Calculate b(4).
-3
Let g(v) = -2*v**2 - 29*v - 99. Determine g(-9).
0
Let h(r) = -r**2 + 47*r - 356. Give h(9).
-14
Let n(p) = p**3 - p**2 - 4*p + 3. What is n(3)?
9
Let r(q) = q - 30. What is r(18)?
-12
Let h(v) = v**3 + 4*v**2 + 3*v + 1. Give h(-2).
3
Let l(k) = -k**3 - 25*k**2 + 34*k + 180. What is l(-26)?
-28
Let j(c) = -c**3 + 19*c**2 - 60*c - 2. What is j(15)?
-2
Let s(z) = -z**3 + 11*z**2 + 53*z - 10. What is s(15)?
-115
Let j(k) = -7*k + 71. What is j(10)?
1
Let x(v) = -v**3 - 5*v**2 + 2*v - 7. What is x(-5)?
-17
Let d(y) = 2*y + 12. Determine d(12).
36
Let c(a) = 4*a + 68. Give c(-16).
4
Let g(q) = 2*q + 38. Determine g(-21).
-4
Let r(n) = -n**3 + 4*n**2 - 2*n - 2. Give r(4).
-10
Let k(w) = w**3 - 7*w**2 - 5*w + 14. What is k(8)?
38
Let h(m) = m**2 + 9*m - 14. Calculate h(-9).
-14
Let l(o) = -o**3 - 9*o**2 + 10*o - 8. What is l(-10)?
-8
Let c(h) = -h - 12. What is c(-12)?
0
Let q(k) = -k**3 - 8*k**2 + 9*k - 12. What is q(-9)?
-12
Let t(h) = 2*h**2 + 2*h - 4. Determine t(-6).
56
Let l(d) = -2*d**3 - 12*d**2 - 2*d + 11. Calculate l(-5).
-29
Let g(z) = -3*z + 36. What is g(22)?
-30
Let n(x) = -x**2 + 5*x - 7. Give n(5).
-7
Let j(r) = 2*r**2 + 51*r + 77. What is j(-24)?
5
Let d(g) = -g**3 - 16*g**2 + 12*g - 40. What is d(-17)?
45
Let r(f) = -f**3 + 4*f**2 - f - 2. What is r(3)?
4
Let l(n) = -2*n - 4. Determine l(1).
-6
Let u(c) = 2*c**3 + 26*c**2 - 2*c - 20. Determine u(-13).
6
Let l(o) = 3*o + 69. Determine l(-23).
0
Let h(z) = 2*z**2 - 66*z - 218. Determine h(36).
-2
Let i(k) = 21*k - 17. Give i(-3).
-80
Let j(o) = 79*o + 76. Give j(-1).
-3
Let p(c) = -c**2 - 12*c - 43. Determine p(-8).
-11
Let j(x) = -19*x + 3. Determine j(3).
-54
Let x(m) = 3*m**2 - 19*m + 23. Calculate x(6).
17
Let f(j) = -3*j + 3. Give f(-3).
12
Let o(p) = -p**3 + 2*p**2 + 2*p - 3. Give o(2).
1
Let u(h) = -h**3 + 10*h**2 + 11*h - 10. Determine u(11).
-10
Let b(d) = -d**2 - 8*d + 4. Give b(8).
-124
Let d(o) = 20*o + 50. Determine d(-3).
-10
Let y(o) = o**2 - 14*o - 3. Determine y(7).
-52
Let z(d) = d**3 - 21*d**2 + 36*d - 2. What is z(19)?
-40
Let j(o) = -o**3 - 11*o**2 + 11*o - 10. What is j(-12)?
2
Let s(z) = -z**2 - 11*z + 14. What is s(-12)?
2
Let q(v) = v + 41. Calculate q(16).
57
Let c(f) = -11*f + 7. Calculate c(-5).
62
Let b(h) = -h + 2. What is b(-8)?
10
Let z(b) = 2*b**2 - 8*b + 14. What is z(8)?
78
Let t(m) = -m**2 + 16*m - 49. Determine t(11).
6
Let m(q) = -2*q**2 - 2*q + 140. Calculate m(8).
-4
Let v(y) = y**3 + 7*y**2 + 2*y - 1. Give v(-5).
39
Let y(k) = -7*k + 287. Determine y(41).
0
Let a(o) = o**2 + 9*o + 23. Determine a(-8).
15
Let h(p) = 2*p**2 - 34*p + 36. What is h(15)?
-24
Let s(a) = -a**2 - 21*a - 3. Calculate s(-21).
-3
Let x(r) = -4*r + 89. What is x(35)?
-51
Let a(i) = i**3 - 10*i**2 + 12. Give a(10).
12
Let n(a) = -5*a - 45. Determine n(-15).
30
Let f(t) = -t**2 - 16*t - 25. Determine f(-15).
-10
Let l(i) = -i**3 + 7*i**2 + 10*i - 2. Determine l(8).
14
Let g(o) = -10*o + 3. Determine g(4).
-37
Let i(p) = p**2 + 33*p - 146. Calculate i(-39).
88
Let r(n) = n - 16. What is r(0)?
-16
Let q(f) = -f**2 + 8*f - 11. Calculate q(5).
4
Let v(p) = -61*p + 4. Determine v(-1).
65
Let n(u) = -3*u**2 + 4*u + 11. Calculate n(3).
-4
Let d(p) = p**2 + 3*p - 4. Give d(-3).
-4
Let d(u) = u**3 + 5*u**2 - 53*u - 261. 